uppose 5*y = 4*s - 698, -4*y - 542 = -10*s + 15*s. Let c be (-1 + -29)/(y/92). What is the greatest common divisor of c and b?
20
Let b = -99 + 114. Let v be (-3129)/(-35) + 9/b. Calculate the highest common factor of 20 and v.
10
Let w be ((-4560)/20)/(10/(-245)). What is the greatest common factor of w and 882?
294
Suppose -22*a + 1784 = -14*a. Suppose -385 = -5*w - 5*u, -3*w + 0*w + u = -a. Calculate the greatest common factor of w and 105.
15
Let l be 952/204 - (-1)/3. Let c = 90 - 79. Calculate the highest common factor of l and c.
1
Let d = 1238 - 710. Let q = 531 - d. What is the greatest common divisor of 51 and q?
3
Let t(c) = -c**2 - 7*c + 14. Let h be t(-8). Suppose 0 = -2*s - q + 82, h*q - q = 10. What is the highest common divisor of 24 and s?
8
Let a = 60213 - 60118. Suppose -j - 2 = -0. Let n(x) = -9*x + 1. Let l be n(j). Calculate the highest common divisor of a and l.
19
Suppose -3*u = 20*c - 24*c - 20, -u - 4*c + 28 = 0. What is the greatest common divisor of 1744 and u?
4
Suppose -u - 2*u = -w + 12, 0 = 2*u + 2. Suppose -42 = -2*h + 2*f, 8*h - f = 4*h + 84. Calculate the highest common factor of w and h.
3
Suppose t - 298 = -z, 23*t - 25*t - 889 = -3*z. Let o = 104 - 50. What is the greatest common divisor of o and z?
27
Let l = -20439 + 23636. What is the highest common factor of l and 139?
139
Let q be 2 + (-9 + 2325 - 14). What is the greatest common factor of q and 16?
16
Let a = -16 + 72. Suppose -5*r + 200 = -0*r. What is the greatest common divisor of r and a?
8
Let p(r) = r**3 + 5*r**2 + 3*r + 11. Let y be p(-5). Let c(a) = -15*a - 57. Let v be c(y). Calculate the greatest common factor of v and 9.
3
Suppose 4*o = 69 + 287. Suppose -b + n = 3*b - 67, 5*b = 3*n + o. Let t be 82 + (-1 - (-2 + 3)). What is the greatest common divisor of b and t?
16
Suppose 0 = -5*g - 25, -31 = 3*z + 2*g - 45. What is the greatest common divisor of 274 and z?
2
Let x be (5 - -6)/11*(1 + 309). What is the greatest common divisor of 775 and x?
155
Let z be (24/(-84))/((-1)/42). Let d be -5 - (-7 - -1 - z). Calculate the highest common divisor of 39 and d.
13
Suppose 3 = -i, -48*i + 177849 = 3*f - 51*i. Calculate the highest common divisor of f and 38.
38
Let i be (272/(-40) - (-60)/(-50))*8878/(-4). Calculate the greatest common divisor of i and 92.
92
Suppose 0 = -165*m + 157*m - 4128. Let x = m + 574. Let f be 1 - -173 - (0 - 0). What is the greatest common divisor of f and x?
58
Let l be 43 + (-10)/35 + -1 + (-96)/(-42). What is the greatest common factor of l and 1188?
44
Let l be (12 + -3)/((-1)/(-3)). Calculate the greatest common factor of 4050 and l.
27
Let j = -10 - -31. Let m be (-35)/70 + (1 - 14/4). Let g = 39 - m. Calculate the highest common divisor of g and j.
21
Let n be (3 - (-224)/7) + (-104)/(-104). Let y be (9/2)/(3/24). Calculate the greatest common divisor of y and n.
36
Let f(r) = r**2 + 56*r + 843. Let x be f(-47). What is the highest common factor of 1440 and x?
60
Let u = -118 + 120. Let l(m) = -239*m + 4. Let w be l(-4). Suppose r = -u*r + w. What is the greatest common factor of 40 and r?
40
Suppose -4*u - 210*r + 540 = -206*r, 2*u - 275 = -r. Calculate the greatest common factor of 20 and u.
20
Suppose -79*b + 90*b - 110 = 0. Calculate the highest common divisor of 1730 and b.
10
Suppose -d - 3*b + 49 = 0, 12*b = 8*b - 8. What is the highest common factor of 495 and d?
55
Suppose 124*j - 151942 = 63446. What is the greatest common divisor of 1544 and j?
193
Suppose 929*p = 932*p - 108. Let y = -1 + p. What is the highest common divisor of y and 28?
7
Suppose 5*p - h - 11011 = 0, 816*p - 820*p = -3*h - 8822. What is the greatest common divisor of 71 and p?
71
Let t(x) = -2*x + 94. Let f be t(18). Let o = f - 34. Calculate the highest common divisor of o and 36.
12
Let i(q) = -373*q - 12578. Let k be i(-178). What is the greatest common factor of 56 and k?
56
Let s be (-63)/336 - (-1432)/128. Calculate the highest common divisor of 18403 and s.
11
Let r be ((183312/133)/24)/(0 - (-2)/28). Calculate the highest common divisor of 12 and r.
12
Suppose -1274 = -39*s - 369 + 499. What is the greatest common factor of 783 and s?
9
Let l(c) = -c**3 + 6*c**2 + 7*c - 6. Let j be l(7). Let w be (8/j)/(3/45). Let o = w - -62. Calculate the highest common divisor of o and 462.
42
Let u = -11011 - -11214. What is the greatest common divisor of u and 87?
29
Suppose -69*j = 16469 - 16745. Suppose 141 = -3*p + 3*q, -q - 235 = 5*p - 2*q. Let t = -27 - p. What is the highest common factor of t and j?
4
Let x = 107 - 179. Let p = x + 65. Let r(j) = 2*j**2 + 9*j + 11. Let q be r(p). What is the greatest common divisor of q and 276?
46
Suppose 0 = -q + 5*v + 95, -2*v = -5*q + v + 409. Let x = -456 + -157. Let b = x + 629. What is the highest common factor of b and q?
16
Suppose -3*r - 19 = w, 9*r - 4*r + 25 = -w. Let q be (548/20 + -1)*(-25)/w. Calculate the highest common factor of 858 and q.
66
Let u = 6678 + -6642. What is the highest common factor of 5868 and u?
36
Let k be (((-780)/25)/(-6))/(1204/120 + -10). What is the highest common divisor of k and 18?
6
Let x(c) = 5*c**3 - 4*c**2 + c - 7. Let o be x(3). Suppose 7*t = 1810 - o. Calculate the highest common divisor of 5 and t.
5
Let r be (8 + 2800/105)*3*3/2. Calculate the greatest common divisor of r and 3900.
156
Let o = -4383 - -5150. What is the greatest common factor of 944 and o?
59
Let h = -70 + -15. Let s be 3/((-15)/h) + 0. Calculate the greatest common factor of 323 and s.
17
Let c be 119/28 + (-6)/(-8). Suppose 2*y - o - 62 + 4 = 0, -c*o = 3*y - 74. What is the highest common divisor of 70 and y?
14
Let y(m) = 23*m**2 + 31*m + 4440. Let z be y(0). What is the greatest common factor of 160 and z?
40
Let v = -596 - -582. Let m be v/(-28) + -70*5/(-4). Calculate the highest common factor of 8 and m.
8
Suppose 13*y - 15*y = -5*f + 120, 0 = -y. Let l be 4228/16 + (-1)/4. What is the highest common factor of l and f?
24
Let i(y) = y**3 - 13*y**2 + 20*y + 24. Let n be i(11). Suppose -x + 2*s - 6 = 0, -7 = n*x - 4*s + s. What is the highest common divisor of x and 128?
4
Suppose -3*y + 2*p + 13 = -35, 0 = -4*y - 2*p + 78. Let a be 14/(-6)*(-21 + y). Let w = 157 + -45. What is the highest common divisor of a and w?
7
Let u = -29839 - -29862. What is the highest common factor of u and 60283?
23
Let u be ((-120)/70)/(4/(-154)). Let v(m) = m**2 + 96*m - 14329. Let z be v(-181). What is the highest common divisor of z and u?
66
Let w be ((-32)/48)/(2/(-78)). Suppose w*j - 240 = 14*j. Suppose -6*x = -3*n - 4*x + 186, 5*x = 4*n - 255. Calculate the highest common divisor of n and j.
20
Let t be (-274)/(-12) - 24/(-144). Let w = -189 - -327. What is the highest common factor of t and w?
23
Let l(i) = -84*i - 1962. Let o be l(-27). Calculate the highest common factor of 578 and o.
34
Let a(z) = -3*z**2 + 7*z - 9. Let v be a(2). Let s be v*(62/12 - (-2)/(-12)). Let y be s/14 + (-69)/(-6). Calculate the greatest common divisor of 36 and y.
9
Let b = 20460 + -20334. Calculate the highest common factor of b and 10668.
42
Let d be 5/(-25) + (-2004)/30. Let r = d - -127. What is the highest common divisor of 30 and r?
30
Suppose -12*l = -7*l - 2*i - 40, 0 = -2*l + 2*i + 22. Suppose 0*a - 1524 = -l*a. What is the highest common divisor of a and 2?
2
Suppose -5*d = -4*a - a + 6825, 4*a - 5*d - 5456 = 0. What is the highest common divisor of a and 37?
37
Let n be (1 + 0 + -3)/(5/(-75)). Suppose n = y - 3*k, 5*y + 21*k = 25*k + 150. Calculate the highest common factor of y and 150.
30
Suppose 8*f - 66*f = -812. Let u be 0 - (0 + 2) - -178. Let l = -78 + u. Calculate the greatest common factor of f and l.
14
Let f(a) = -11*a**2 + 714*a + 86. Let b be f(65). What is the highest common divisor of 483 and b?
21
Let s = -816 - -1287. Let o = s + -455. What is the highest common divisor of o and 48?
16
Suppose -70 = -2*s - 2*a, s - 4*s - 2*a + 100 = 0. Let j be ((-6)/14)/((-328)/11480). What is the highest common factor of j and s?
15
Let j be 33/5 + 28/70. Calculate the highest common factor of j and 1211.
7
Suppose 25493*n = 25477*n + 1152. Let p(s) be the third derivative of s**4/2 - 2*s**2. Let h be p(2). What is the greatest common factor of n and h?
24
Let b be (-56)/210*10/(-2) + 253/3